{"id":259,"date":"2018-12-17T06:51:17","date_gmt":"2018-12-17T06:51:17","guid":{"rendered":"https:\/\/www.der-bienenfreund.de\/wordpress\/?page_id=259"},"modified":"2025-11-21T17:08:08","modified_gmt":"2025-11-21T16:08:08","slug":"vortraege-und-kurse","status":"publish","type":"page","link":"https:\/\/www.der-bienenfreund.de\/wordpress\/vortraege-und-kurse\/","title":{"rendered":"Vortr\u00e4ge und Kurse"},"content":{"rendered":"<h3>Vortr\u00e4ge und Kurse<\/h3>\n<div id=\"attachment_36\" style=\"width: 310px\" class=\"wp-caption alignright\"><img loading=\"lazy\" decoding=\"async\" aria-describedby=\"caption-attachment-36\" src=\"https:\/\/www.der-bienenfreund.de\/wordpress\/wp-content\/uploads\/2018\/02\/BILD0690-300x225.jpg\" alt=\"\" class=\"wp-image-36 size-medium\" width=\"300\" height=\"225\" srcset=\"https:\/\/www.der-bienenfreund.de\/wordpress\/wp-content\/uploads\/2018\/02\/BILD0690-300x225.jpg 300w, https:\/\/www.der-bienenfreund.de\/wordpress\/wp-content\/uploads\/2018\/02\/BILD0690-768x576.jpg 768w, https:\/\/www.der-bienenfreund.de\/wordpress\/wp-content\/uploads\/2018\/02\/BILD0690-1024x768.jpg 1024w\" sizes=\"auto, (max-width: 300px) 100vw, 300px\" \/><p id=\"caption-attachment-36\" class=\"wp-caption-text\">Bienen lagern Honig &#8222;bl\u00fctenstet&#8220; in die Zellen ein &#8211; hier sieht man Kirschsaft-Honig in den rot gef\u00fcllten Zellen<\/p><\/div>\n<p>Seit mehr als 30 Jahren halte ich Vortr\u00e4ge, leite Kurse und gebe Seminare.<br \/>\nMein Thema ist das Bienenleben, die Bienenkultur und die Imkerei.<br \/>\nBeispiele zu aktuellen Angeboten finden Sie<a href=\"https:\/\/www.der-bienenfreund.de\/category\/veranstaltungen\/\"> in meiner Veranstaltungs\u00fcbersicht<\/a>.<br \/>\nSeit 2004 habe ich auch regelm\u00e4\u00dfig in Gro\u00dfbritannien Kurse in englischer Sprache gegeben. Auch in Irland, Schweden, Luxemburg, Frankreich, in der Schweiz, in \u00d6sterreich, in <a href=\"http:\/\/ivafarm.weebly.com\/uploads\/4\/6\/9\/6\/4696978\/beratungsreisebericht20140720.pdf\" target=\"_blank\" rel=\"noopener noreferrer\">Serbien<\/a>, in Slowenien, in Ungarn und S\u00fcdtirol war und bin ich t\u00e4tig.<\/p>\n<p>Der Inhalt der von mir angebotenen Veranstaltungen gliedert sich in die Bereiche Bienen, Bienenleben und Bienenkunde als Grundlage f\u00fcr eine Ann\u00e4herung an das Wesen des BIEN.<br \/>\nDaraus abgeleitet folgen die m\u00f6glichen Ma\u00dfnahmen, Material und Methoden einer dem Wesen der Bienen gem\u00e4\u00dfen Imkereikultur. Auf Anfrage \u00fcbernehme ich in der Folge auch <a href=\"https:\/\/www.der-bienenfreund.de\/fachberatung\/\">Beratungsleistungen.<\/a><\/p>\n<p>Im <a href=\"https:\/\/www.mellifera.de\/imkerkurs\" target=\"_blank\" rel=\"noopener noreferrer\">Ausbildungsverbund f\u00fcr wesensgem\u00e4\u00dfe Bienenhaltung<\/a> und diesem nahestehenden Veranstaltungen vermittle ich regelm\u00e4\u00dfig vor Ort die inhaltlichen Grundlagen der Bienenhaltung an die Kursteilnehmer.<\/p>\n<p>Erstmalig im Wintersemester 2014\/15 und seitdem jedes Jahr \u00fcbernehme ich einen Lehrauftrag &#8222;Wesensgem\u00e4\u00dfe Bienenhaltung&#8220; sowie seit Sommer 2020 einen Kurs &#8222;\u00d6kologische Bienenhaltung&#8220; mit Praxisanleitung an der <a href=\"https:\/\/www.uni-kassel.de\/uni\/\" target=\"_blank\" rel=\"noopener noreferrer\">Universit\u00e4t Kassel<\/a> im Fachbereich &#8222;<a href=\"https:\/\/www.uni-kassel.de\/fb11agrar\/index.html\" target=\"_blank\" rel=\"noopener noreferrer\">\u00d6kologische Agrarwissenschaften<\/a>&#8220; am Standort in Witzenhausen.<\/p>\n<p>Im Mai 2017 konnte ich an der <a href=\"https:\/\/www.alanus.edu\/de\/home\/\" target=\"_blank\" rel=\"noopener noreferrer\">Alanus Hochschule<\/a> in Alfter (bei Bonn) einen Lehrauftrag f\u00fcr ein Studierendenwochenende &#8222;Mensch &amp; Natur &#8211; Vom Wesen der Bienen&#8220; \u00fcbernehmen.<\/p>\n<p>Eine Reihe Online-Vortr\u00e4ge konnte ich ebenfalls durchf\u00fchren &#8211; einige davon sind aufgezeichnet auf <a href=\"https:\/\/www.der-bienenfreund.de\/videos\/\">YouTube<\/a> zu finden.<\/p>\n<p>&nbsp;<\/p>\n<p><strong>M\u00f6gliche Themen f\u00fcr Einzelvortr\u00e4ge und f\u00fcr Tagesseminare<\/strong><\/p>\n<p>\u00d6kologische Imkerei \u2013 und warum ich Demeter-Imker bin!<br \/>\nWachs und Waben \u2013 \u00fcber den Lebensort des BIEN<br \/>\nDie Honigbienen \u2013 ihre Bedeutung f\u00fcr das Leben in der Natur und f\u00fcr den Menschen<br \/>\nTierwohl in der (Bio-)Bienenhaltung \u2013 Selbstverst\u00e4ndlichkeit oder Neuland?<br \/>\nVom Wesen der Gaben des BIEN<br \/>\nZur Position der Honigbiene in den Naturreichen<br \/>\nBienen und Bl\u00fcten und die Lebenskr\u00e4fte in der Landschaft<br \/>\nDer Schwarm &#8211; <a href=\"https:\/\/www.youtube.com\/watch?v=P_Yx9TyRoC4&amp;list=PLRdf4dIfsMtePGSlF4p46pHwxWITkyVeb&amp;index=1\" target=\"_blank\" rel=\"noopener\">hier ein Beispiel vom 9. Weimarer Bienensymposium<\/a> im Jahr 2019<br \/>\nSchwarmverhinderung oder Schwarmkultur \u2013 vom Umgang mit einer elementaren Lebens\u00e4u\u00dferung des BIEN (Tageskurs) &#8211; ein Beispiel finden Sie <a href=\"https:\/\/www.imker-moeckmuehl.de\/archiv\/tagesseminar.html\" target=\"_blank\" rel=\"noopener noreferrer\">hier<\/a><br \/>\nWeitere Inhalte und Themen auf Anfrage<\/p>\n<p>Einen \u00dcberblick \u00fcber Veranstaltungen und Projekte, an denen ich aktuell als Referent teilnehme oder k\u00fcrzlich teilgenommen habe, finden Sie <a href=\"https:\/\/www.der-bienenfreund.de\/category\/veranstaltungen\/\">hier<\/a>.<\/p>\n<p>Bei Interesse an einem Vortrag oder Kurs <a href=\"https:\/\/www.der-bienenfreund.de\/wordpress\/kontakt\/\">kontaktieren<\/a> Sie mich gerne.<\/p>\n<p>&nbsp;<\/p>\n","protected":false},"excerpt":{"rendered":"<p>Vortr\u00e4ge und Kurse Seit mehr als 30 Jahren halte ich Vortr\u00e4ge, leite Kurse und gebe Seminare. Mein Thema ist das Bienenleben, die Bienenkultur und die Imkerei. Beispiele zu aktuellen Angeboten finden Sie in meiner Veranstaltungs\u00fcbersicht. Seit 2004 habe ich auch regelm\u00e4\u00dfig in Gro\u00dfbritannien Kurse in englischer Sprache gegeben. Auch in [&hellip;]<\/p>\n","protected":false},"author":1,"featured_media":58,"parent":0,"menu_order":0,"comment_status":"closed","ping_status":"closed","template":"page-templates\/template-fullwidth.php","meta":{"footnotes":""},"class_list":["post-259","page","type-page","status-publish","has-post-thumbnail","hentry"],"_links":{"self":[{"href":"https:\/\/www.der-bienenfreund.de\/wordpress\/wp-json\/wp\/v2\/pages\/259","targetHints":{"allow":["GET"]}}],"collection":[{"href":"https:\/\/www.der-bienenfreund.de\/wordpress\/wp-json\/wp\/v2\/pages"}],"about":[{"href":"https:\/\/www.der-bienenfreund.de\/wordpress\/wp-json\/wp\/v2\/types\/page"}],"author":[{"embeddable":true,"href":"https:\/\/www.der-bienenfreund.de\/wordpress\/wp-json\/wp\/v2\/users\/1"}],"replies":[{"embeddable":true,"href":"https:\/\/www.der-bienenfreund.de\/wordpress\/wp-json\/wp\/v2\/comments?post=259"}],"version-history":[{"count":27,"href":"https:\/\/www.der-bienenfreund.de\/wordpress\/wp-json\/wp\/v2\/pages\/259\/revisions"}],"predecessor-version":[{"id":1740,"href":"https:\/\/www.der-bienenfreund.de\/wordpress\/wp-json\/wp\/v2\/pages\/259\/revisions\/1740"}],"wp:featuredmedia":[{"embeddable":true,"href":"https:\/\/www.der-bienenfreund.de\/wordpress\/wp-json\/wp\/v2\/media\/58"}],"wp:attachment":[{"href":"https:\/\/www.der-bienenfreund.de\/wordpress\/wp-json\/wp\/v2\/media?parent=259"}],"curies":[{"name":"wp","href":"https:\/\/api.w.org\/{rel}","templated":true}]}}