{"id":1530,"date":"2023-02-15T10:19:58","date_gmt":"2023-02-15T09:19:58","guid":{"rendered":"https:\/\/www.der-bienenfreund.de\/?page_id=1530"},"modified":"2024-01-06T11:22:29","modified_gmt":"2024-01-06T10:22:29","slug":"tagung-im-november","status":"publish","type":"page","link":"https:\/\/www.der-bienenfreund.de\/wordpress\/tagung-im-november\/","title":{"rendered":"Tagung &#8222;Wesen der Bienen&#8220; im November 2023"},"content":{"rendered":"<h2>100 Jahre BienenWesen<br \/>\n&#8211; &#8222;\u00dcber das Wesen der Bienen&#8220; &#8211; die Arbeitervortr\u00e4ge von Rudolf Steiner &#8211;<\/h2>\n<p><strong><u>Termin:<\/u><\/strong> Freitag, 10. November am Abend bis Sonntag, 12. November 2023 am Nachmittag<br \/>\n<strong><u>Ort:<\/u><\/strong> Anthroposophisches Zentrum in Kassel-Wilhelmsh\u00f6he, dort nahe beim Bahnhof und somit gut erreichbar.<br \/>\n<strong><a href=\"https:\/\/www.der-bienenfreund.de\/wordpress\/wp-content\/uploads\/2023\/09\/100JahreBienenWesen2023-EinladungProgramm.pdf\" target=\"_blank\" rel=\"noopener\">Einladung und Programm<\/a> <\/strong><a href=\"https:\/\/www.mellifera.de\/veranstaltungen\/buchung\/?id=2452\" target=\"_blank\" rel=\"noopener\"><strong><\/strong><\/a><br \/>\n<strong>Die Tagung war sehr erfolgreich und ist bei allen Teilnehmenden sehr gut angekommen &#8211; <a href=\"https:\/\/www.der-bienenfreund.de\/wordpress\/wp-content\/uploads\/2024\/01\/100JahreBienenWesenTagung-BerichtLE2024-01-S48.pdf\" target=\"_blank\" rel=\"noopener\">ein Bericht ist hier zu finden<\/a>.<br \/>\n<\/strong><\/p>\n<p>Auf Anregung von Barbara Leineweber bieten wir fortgesetzt ab 16.01.2024 14t\u00e4gig am Dienstag-Abend einen<strong><a href=\"https:\/\/www.der-bienenfreund.de\/angebot-und-einladung-zoom-konferenz-online-lesekreis-zu-100-jahre-bienenwesen-vortraege-ueber-das-wesen-der-bienen\/\"> Online-Lese-Arbeitskreis zu den Arbeitervortr\u00e4gen<\/a><\/strong> an!<strong><\/strong><\/p>\n<p>&nbsp;<\/p>\n<p><strong>Kleine Vorschau und \u00dcbersicht:<\/strong><br \/>\nAm Freitagabend nach der Begr\u00fc\u00dfung um 19.30 Uhr wird der Er\u00f6ffnungsvortrag gehalten von <a href=\"https:\/\/de.wikipedia.org\/wiki\/Peter_Selg\" target=\"_blank\" rel=\"noopener\">Peter Selg<\/a> zum Thema \u201eEtwas ungemein Wunderbares &#8211; \u00fcber Rudolf Steiners Arbeitervortr\u00e4ge zu den Bienen\u201c- der Vortrag wird \u00f6ffentlich sein.<br \/>\nAm Samstagabend haben wir dann um 19.30 Uhr <a href=\"https:\/\/www.brehms-tierleben.com\/\" target=\"_blank\" rel=\"noopener\">&#8222;Fr\u00e4ulein Brehms Tierleben&#8220;<\/a> zu Gast &#8211; Marilotte Sofie Brehm wird uns in einer \u00f6ffentlichen Veranstaltung ihr Programm &#8222;Hymenoptera \u2013 Die wilden Bienen&#8220; vorstellen. Den Bezug zu den Honigbienen werden wir \u00fcber einen Impulsbeitrag herstellen.<\/p>\n<p>Neben Impulsbeitr\u00e4gen wollen wir w\u00e4hrend der Tagung besonders auf die Bedeutung der Bienenvortr\u00e4ge f\u00fcr die Imkerinnen und Imker bezug nehmen:<br \/>\n&#8211; welche Inhalte der Vortr\u00e4ge waren pers\u00f6nlich besonders bedeutsam?<br \/>\n&#8211; wie hat sich das auf mein pers\u00f6nliches Verh\u00e4ltnis zu den Bienen ausgewirkt und wie wird das in meiner praktischen Bienenhaltung umgesetzt?<br \/>\n&#8211; welche Erwartungen an die Zukunft einen wesensgem\u00e4\u00dfen Bienenkultur leiten sich daraus ab?<br \/>\nDazu wird es Podiumsbeitr\u00e4ge von Pionierinnen und Pionieren der wesensgem\u00e4\u00dfen und der Demeter-Bienenhaltung, Plenumsgespr\u00e4che und Gruppenarbeiten geben.<\/p>\n<p>Neuigkeiten werde ich immer hier bekanntmachen!<\/p>\n<p><strong>Die Arbeitervortr\u00e4ge \u00fcber das &#8222;Wesen der Bienen&#8220;,<\/strong> die Rudolf Steiner im November und Dezember 1923 gehalten hat, waren neben anderen Vortragszyklen auch ein wichtiger Grundstein daf\u00fcr, da\u00df zu Pfingsten 1924 der &#8222;Landwirtschaftliche Kurs&#8220; gegeben werden konnte.<\/p>\n<p>F\u00fcr uns ImkerInnen, die sich um eine wesensgem\u00e4\u00dfe Bienenhaltung bem\u00fchen oder sich in diesem Rahmen sogar nach den Demeter-Richtlinien f\u00fcr die Bienenhaltung zertifizieren lassen, sind die Bienen-Vortr\u00e4ge eine zentrale Quelle f\u00fcr innere Zug\u00e4nge zum Wesen der Bienen und f\u00fcr Leitbilder f\u00fcr die Ausgestaltung unserer Begegnung mit ihnen. Die Vortr\u00e4ge bieten zus\u00e4tzlich einen tiefen und weiten Einblick in die notwendigen Wechselwirkungen f\u00fcr das Gedeihen und Gelingen der Lebensvorg\u00e4nge in allen Naturprozessen.<\/p>\n<p>Wir wollen das Jubil\u00e4um angemessen begehen und ein wenig feiern und uns besinnen, was es f\u00fcr uns bedeutet, sowohl als Inspiration f\u00fcr unser Tun als auch daf\u00fcr, wo wir damit hinwollen, in welche Zukunft unser Weg mit den Bienen uns f\u00fchren kann.<\/p>\n","protected":false},"excerpt":{"rendered":"<p>100 Jahre BienenWesen &#8211; &#8222;\u00dcber das Wesen der Bienen&#8220; &#8211; die Arbeitervortr\u00e4ge von Rudolf Steiner &#8211; Termin: Freitag, 10. November am Abend bis Sonntag, 12. November 2023 am Nachmittag Ort: Anthroposophisches Zentrum in Kassel-Wilhelmsh\u00f6he, dort nahe beim Bahnhof und somit gut erreichbar. Einladung und Programm Die Tagung war sehr erfolgreich [&hellip;]<\/p>\n","protected":false},"author":1,"featured_media":1063,"parent":0,"menu_order":0,"comment_status":"closed","ping_status":"closed","template":"page-templates\/template-fullwidth.php","meta":{"footnotes":""},"class_list":["post-1530","page","type-page","status-publish","has-post-thumbnail","hentry"],"_links":{"self":[{"href":"https:\/\/www.der-bienenfreund.de\/wordpress\/wp-json\/wp\/v2\/pages\/1530","targetHints":{"allow":["GET"]}}],"collection":[{"href":"https:\/\/www.der-bienenfreund.de\/wordpress\/wp-json\/wp\/v2\/pages"}],"about":[{"href":"https:\/\/www.der-bienenfreund.de\/wordpress\/wp-json\/wp\/v2\/types\/page"}],"author":[{"embeddable":true,"href":"https:\/\/www.der-bienenfreund.de\/wordpress\/wp-json\/wp\/v2\/users\/1"}],"replies":[{"embeddable":true,"href":"https:\/\/www.der-bienenfreund.de\/wordpress\/wp-json\/wp\/v2\/comments?post=1530"}],"version-history":[{"count":17,"href":"https:\/\/www.der-bienenfreund.de\/wordpress\/wp-json\/wp\/v2\/pages\/1530\/revisions"}],"predecessor-version":[{"id":1684,"href":"https:\/\/www.der-bienenfreund.de\/wordpress\/wp-json\/wp\/v2\/pages\/1530\/revisions\/1684"}],"wp:featuredmedia":[{"embeddable":true,"href":"https:\/\/www.der-bienenfreund.de\/wordpress\/wp-json\/wp\/v2\/media\/1063"}],"wp:attachment":[{"href":"https:\/\/www.der-bienenfreund.de\/wordpress\/wp-json\/wp\/v2\/media?parent=1530"}],"curies":[{"name":"wp","href":"https:\/\/api.w.org\/{rel}","templated":true}]}}

<h2>100 Jahre BienenWesen<br />
&#8211; &#8222;Über das Wesen der Bienen&#8220; &#8211; die Arbeitervorträge von Rudolf Steiner &#8211;</h2>
<p><strong><u>Termin:</u></strong> Freitag, 10. November am Abend bis Sonntag, 12. November 2023 am Nachmittag<br />
<strong><u>Ort:</u></strong> Anthroposophisches Zentrum in Kassel-Wilhelmshöhe, dort nahe beim Bahnhof und somit gut erreichbar.<br />
<strong><a href="https://www.der-bienenfreund.de/wordpress/wp-content/uploads/2023/09/100JahreBienenWesen2023-EinladungProgramm.pdf" target="_blank" rel="noopener">Einladung und Programm</a> </strong><a href="https://www.mellifera.de/veranstaltungen/buchung/?id=2452" target="_blank" rel="noopener"><strong></strong></a><br />
<strong>Die Tagung war sehr erfolgreich und ist bei allen Teilnehmenden sehr gut angekommen &#8211; <a href="https://www.der-bienenfreund.de/wordpress/wp-content/uploads/2024/01/100JahreBienenWesenTagung-BerichtLE2024-01-S48.pdf" target="_blank" rel="noopener">ein Bericht ist hier zu finden</a>.<br />
</strong></p>
<p>Auf Anregung von Barbara Leineweber bieten wir fortgesetzt ab 16.01.2024 14tägig am Dienstag-Abend einen<strong><a href="https://www.der-bienenfreund.de/angebot-und-einladung-zoom-konferenz-online-lesekreis-zu-100-jahre-bienenwesen-vortraege-ueber-das-wesen-der-bienen/"> Online-Lese-Arbeitskreis zu den Arbeitervorträgen</a></strong> an!<strong></strong></p>
<p>&nbsp;</p>
<p><strong>Kleine Vorschau und Übersicht:</strong><br />
Am Freitagabend nach der Begrüßung um 19.30 Uhr wird der Eröffnungsvortrag gehalten von <a href="https://de.wikipedia.org/wiki/Peter_Selg" target="_blank" rel="noopener">Peter Selg</a> zum Thema „Etwas ungemein Wunderbares &#8211; über Rudolf Steiners Arbeitervorträge zu den Bienen“- der Vortrag wird öffentlich sein.<br />
Am Samstagabend haben wir dann um 19.30 Uhr <a href="https://www.brehms-tierleben.com/" target="_blank" rel="noopener">&#8222;Fräulein Brehms Tierleben&#8220;</a> zu Gast &#8211; Marilotte Sofie Brehm wird uns in einer öffentlichen Veranstaltung ihr Programm &#8222;Hymenoptera – Die wilden Bienen&#8220; vorstellen. Den Bezug zu den Honigbienen werden wir über einen Impulsbeitrag herstellen.</p>
<p>Neben Impulsbeiträgen wollen wir während der Tagung besonders auf die Bedeutung der Bienenvorträge für die Imkerinnen und Imker bezug nehmen:<br />
&#8211; welche Inhalte der Vorträge waren persönlich besonders bedeutsam?<br />
&#8211; wie hat sich das auf mein persönliches Verhältnis zu den Bienen ausgewirkt und wie wird das in meiner praktischen Bienenhaltung umgesetzt?<br />
&#8211; welche Erwartungen an die Zukunft einen wesensgemäßen Bienenkultur leiten sich daraus ab?<br />
Dazu wird es Podiumsbeiträge von Pionierinnen und Pionieren der wesensgemäßen und der Demeter-Bienenhaltung, Plenumsgespräche und Gruppenarbeiten geben.</p>
<p>Neuigkeiten werde ich immer hier bekanntmachen!</p>
<p><strong>Die Arbeitervorträge über das &#8222;Wesen der Bienen&#8220;,</strong> die Rudolf Steiner im November und Dezember 1923 gehalten hat, waren neben anderen Vortragszyklen auch ein wichtiger Grundstein dafür, daß zu Pfingsten 1924 der &#8222;Landwirtschaftliche Kurs&#8220; gegeben werden konnte.</p>
<p>Für uns ImkerInnen, die sich um eine wesensgemäße Bienenhaltung bemühen oder sich in diesem Rahmen sogar nach den Demeter-Richtlinien für die Bienenhaltung zertifizieren lassen, sind die Bienen-Vorträge eine zentrale Quelle für innere Zugänge zum Wesen der Bienen und für Leitbilder für die Ausgestaltung unserer Begegnung mit ihnen. Die Vorträge bieten zusätzlich einen tiefen und weiten Einblick in die notwendigen Wechselwirkungen für das Gedeihen und Gelingen der Lebensvorgänge in allen Naturprozessen.</p>
<p>Wir wollen das Jubiläum angemessen begehen und ein wenig feiern und uns besinnen, was es für uns bedeutet, sowohl als Inspiration für unser Tun als auch dafür, wo wir damit hinwollen, in welche Zukunft unser Weg mit den Bienen uns führen kann.</p>

<p>100 Jahre BienenWesen &#8211; &#8222;Über das Wesen der Bienen&#8220; &#8211; die Arbeitervorträge von Rudolf Steiner &#8211; Termin: Freitag, 10. November am Abend bis Sonntag, 12. November 2023 am Nachmittag Ort: Anthroposophisches Zentrum in Kassel-Wilhelmshöhe, dort nahe beim Bahnhof und somit gut erreichbar. Einladung und Programm Die Tagung war sehr erfolgreich [&hellip;]</p>
