{"id":1199,"date":"2020-06-15T14:37:45","date_gmt":"2020-06-15T13:37:45","guid":{"rendered":"https:\/\/www.der-bienenfreund.de\/?page_id=1199"},"modified":"2020-09-07T12:48:15","modified_gmt":"2020-09-07T11:48:15","slug":"bienengift","status":"publish","type":"page","link":"https:\/\/www.der-bienenfreund.de\/wordpress\/bienengift\/","title":{"rendered":"Bienengift"},"content":{"rendered":"<p><strong>Bienengift &#8211; Stimulanz f\u00fcr die Lebenskr\u00e4fte<\/strong><\/p>\n<p>Ja, ein Bienenstich kann uns ganz sch\u00f6n zusetzen &#8211; und selbst beim Imker bleibt nach vielen Imkerjahren der akute Schmerz \u00e4hnlich, wie zu Beginn des Imkerlebens; er lernt aber, anders mit dem Schmerz umzugehen; die auf den Stich normalerweise folgende entz\u00fcndliche Reaktion, die R\u00f6tung, die Schwellung l\u00e4sst beim Imker aber meist nach einigen Sticherlebnissen in den ersten Imkerjahren nach.<\/p>\n<p>Bienengift (Apisinum) ist ein altes und starkes Heilmittel &#8211; es ruft am allermeisten die Kr\u00e4fte auf, die Form geben, stark und gesund machen k\u00f6nnen &#8211; wenn man es aush\u00e4lt &#8230;<\/p>\n<p>Einige Gedanken zu Wirkung und Bedeutung kann mein Aufsatz &#8222;<a href=\"https:\/\/www.der-bienenfreund.de\/wordpress\/wp-content\/uploads\/2020\/06\/WeilerM2017-BienengiftLebenskr\u00e4ftestimulanz-Gartenrundbrief.pdf\">Bienengift<\/a>&#8220; geben, der 2017 im <a href=\"https:\/\/www.Gartenrundbrief.de\" target=\"_blank\" rel=\"noopener noreferrer\">Gartenrundbrief<\/a> abgedruckt wurde.<\/p>\n<p>Selten beachtet wird, da\u00df alle Hautfl\u00fcgler (Hymenoptera) in irgendeiner Form Gift in sich tragen. Wir denken meist nur an Hornissen, Wespen, Honigbienen und vielleicht noch Ameisen &#8211; das liegt daran, da\u00df wir mit den enorm vielen anderen normalerweise keine Sticherlebnisse kennen. Aber sie haben dieses Gift &#8211; und man kann sich fragen, wof\u00fcr und was das bedeutet f\u00fcr das Leben in der Natur.<\/p>\n","protected":false},"excerpt":{"rendered":"<p>Bienengift &#8211; Stimulanz f\u00fcr die Lebenskr\u00e4fte Ja, ein Bienenstich kann uns ganz sch\u00f6n zusetzen &#8211; und selbst beim Imker bleibt nach vielen Imkerjahren der akute Schmerz \u00e4hnlich, wie zu Beginn des Imkerlebens; er lernt aber, anders mit dem Schmerz umzugehen; die auf den Stich normalerweise folgende entz\u00fcndliche Reaktion, die R\u00f6tung, [&hellip;]<\/p>\n","protected":false},"author":2,"featured_media":59,"parent":0,"menu_order":0,"comment_status":"closed","ping_status":"closed","template":"","meta":{"footnotes":""},"class_list":["post-1199","page","type-page","status-publish","has-post-thumbnail","hentry"],"_links":{"self":[{"href":"https:\/\/www.der-bienenfreund.de\/wordpress\/wp-json\/wp\/v2\/pages\/1199","targetHints":{"allow":["GET"]}}],"collection":[{"href":"https:\/\/www.der-bienenfreund.de\/wordpress\/wp-json\/wp\/v2\/pages"}],"about":[{"href":"https:\/\/www.der-bienenfreund.de\/wordpress\/wp-json\/wp\/v2\/types\/page"}],"author":[{"embeddable":true,"href":"https:\/\/www.der-bienenfreund.de\/wordpress\/wp-json\/wp\/v2\/users\/2"}],"replies":[{"embeddable":true,"href":"https:\/\/www.der-bienenfreund.de\/wordpress\/wp-json\/wp\/v2\/comments?post=1199"}],"version-history":[{"count":2,"href":"https:\/\/www.der-bienenfreund.de\/wordpress\/wp-json\/wp\/v2\/pages\/1199\/revisions"}],"predecessor-version":[{"id":1212,"href":"https:\/\/www.der-bienenfreund.de\/wordpress\/wp-json\/wp\/v2\/pages\/1199\/revisions\/1212"}],"wp:featuredmedia":[{"embeddable":true,"href":"https:\/\/www.der-bienenfreund.de\/wordpress\/wp-json\/wp\/v2\/media\/59"}],"wp:attachment":[{"href":"https:\/\/www.der-bienenfreund.de\/wordpress\/wp-json\/wp\/v2\/media?parent=1199"}],"curies":[{"name":"wp","href":"https:\/\/api.w.org\/{rel}","templated":true}]}}