{"id":1178,"date":"2020-06-12T20:39:42","date_gmt":"2020-06-12T19:39:42","guid":{"rendered":"https:\/\/www.der-bienenfreund.de\/?page_id=1178"},"modified":"2021-11-01T17:58:28","modified_gmt":"2021-11-01T15:58:28","slug":"videos","status":"publish","type":"page","link":"https:\/\/www.der-bienenfreund.de\/wordpress\/videos\/","title":{"rendered":"Videos"},"content":{"rendered":"<p><a href=\"https:\/\/www.youtube.com\/playlist?list=PLRdf4dIfsMtePGSlF4p46pHwxWITkyVeb\" target=\"_blank\" rel=\"noopener noreferrer\">Videos auf YouTube<\/a>, in denen ich Vortr\u00e4ge halte oder interviewt wurde<\/p>\n<p>Neu dort sind meine beiden Beitr\u00e4ge zur Demeter-Bienenhaltung von Juni 2021 zu sehen.<br \/>\nDiese sind auch \u00fcber den <a href=\"https:\/\/www.youtube.com\/c\/DemeterBeratung\" target=\"_blank\" rel=\"noopener\">Kanal des Demeter Beratung eV<\/a> zu erreichen.<\/p>\n","protected":false},"excerpt":{"rendered":"<p>Videos auf YouTube, in denen ich Vortr\u00e4ge halte oder interviewt wurde Neu dort sind meine beiden Beitr\u00e4ge zur Demeter-Bienenhaltung von Juni 2021 zu sehen. Diese sind auch \u00fcber den Kanal des Demeter Beratung eV zu erreichen.<\/p>\n","protected":false},"author":2,"featured_media":5,"parent":0,"menu_order":0,"comment_status":"closed","ping_status":"closed","template":"","meta":{"footnotes":""},"class_list":["post-1178","page","type-page","status-publish","has-post-thumbnail","hentry"],"_links":{"self":[{"href":"https:\/\/www.der-bienenfreund.de\/wordpress\/wp-json\/wp\/v2\/pages\/1178","targetHints":{"allow":["GET"]}}],"collection":[{"href":"https:\/\/www.der-bienenfreund.de\/wordpress\/wp-json\/wp\/v2\/pages"}],"about":[{"href":"https:\/\/www.der-bienenfreund.de\/wordpress\/wp-json\/wp\/v2\/types\/page"}],"author":[{"embeddable":true,"href":"https:\/\/www.der-bienenfreund.de\/wordpress\/wp-json\/wp\/v2\/users\/2"}],"replies":[{"embeddable":true,"href":"https:\/\/www.der-bienenfreund.de\/wordpress\/wp-json\/wp\/v2\/comments?post=1178"}],"version-history":[{"count":5,"href":"https:\/\/www.der-bienenfreund.de\/wordpress\/wp-json\/wp\/v2\/pages\/1178\/revisions"}],"predecessor-version":[{"id":1404,"href":"https:\/\/www.der-bienenfreund.de\/wordpress\/wp-json\/wp\/v2\/pages\/1178\/revisions\/1404"}],"wp:featuredmedia":[{"embeddable":true,"href":"https:\/\/www.der-bienenfreund.de\/wordpress\/wp-json\/wp\/v2\/media\/5"}],"wp:attachment":[{"href":"https:\/\/www.der-bienenfreund.de\/wordpress\/wp-json\/wp\/v2\/media?parent=1178"}],"curies":[{"name":"wp","href":"https:\/\/api.w.org\/{rel}","templated":true}]}}