{"id":1123,"date":"2020-05-18T21:19:38","date_gmt":"2020-05-18T20:19:38","guid":{"rendered":"https:\/\/www.der-bienenfreund.de\/?page_id=1123"},"modified":"2020-09-07T12:48:03","modified_gmt":"2020-09-07T11:48:03","slug":"bienenwachs","status":"publish","type":"page","link":"https:\/\/www.der-bienenfreund.de\/wordpress\/bienenwachs\/","title":{"rendered":"Bienenwachs"},"content":{"rendered":"<p>In der H\u00f6hle verdichten die Bienen im Bienenschwarm das Element W\u00e4rme mit Hilfe von Licht zu einer einmaligen Substanz.<\/p>\n<p>Bienenwachs besteht ausschlie\u00dflich aus W\u00e4rme und Licht &#8211; das kann Mensch erleben, wenn er eine Kerze aus Bienenwachs anz\u00fcndet &#8211; es wird Licht frei und W\u00e4rme &#8211; und das Wachs verschwindet; wenn Asche herunterf\u00e4llt, ist sie vom Docht.<\/p>\n<p>Ein R\u00e4tsel:<\/p>\n<p>Wer mir das Bl\u00fcmlein wohl nennen kann:<br \/>\nsind weder Zweige noch Bl\u00e4tter dran,<br \/>\nund die Bl\u00fcte obendrauf<br \/>\ni\u00dft heimlich<br \/>\ndas ganze St\u00e4mmchen auf.<\/p>\n<p>Mein kleiner Aufsatz &#8222;<a href=\"https:\/\/www.der-bienenfreund.de\/wordpress\/wp-content\/uploads\/2020\/06\/WeilerM2010-BienenwachsW\u00e4rmeundLicht-Gartenrundbrief-2010-06.pdf\">Die Honigbienen, die W\u00e4rme und das Bienenwachs<\/a>&#8220; erschien im <a href=\"https:\/\/www.Gartenrundbrief.de\" target=\"_blank\" rel=\"noopener noreferrer\">Gartenrundbrief<\/a><\/p>\n","protected":false},"excerpt":{"rendered":"<p>In der H\u00f6hle verdichten die Bienen im Bienenschwarm das Element W\u00e4rme mit Hilfe von Licht zu einer einmaligen Substanz. Bienenwachs besteht ausschlie\u00dflich aus W\u00e4rme und Licht &#8211; das kann Mensch erleben, wenn er eine Kerze aus Bienenwachs anz\u00fcndet &#8211; es wird Licht frei und W\u00e4rme &#8211; und das Wachs verschwindet; [&hellip;]<\/p>\n","protected":false},"author":2,"featured_media":59,"parent":0,"menu_order":0,"comment_status":"closed","ping_status":"closed","template":"","meta":{"footnotes":""},"class_list":["post-1123","page","type-page","status-publish","has-post-thumbnail","hentry"],"_links":{"self":[{"href":"https:\/\/www.der-bienenfreund.de\/wordpress\/wp-json\/wp\/v2\/pages\/1123","targetHints":{"allow":["GET"]}}],"collection":[{"href":"https:\/\/www.der-bienenfreund.de\/wordpress\/wp-json\/wp\/v2\/pages"}],"about":[{"href":"https:\/\/www.der-bienenfreund.de\/wordpress\/wp-json\/wp\/v2\/types\/page"}],"author":[{"embeddable":true,"href":"https:\/\/www.der-bienenfreund.de\/wordpress\/wp-json\/wp\/v2\/users\/2"}],"replies":[{"embeddable":true,"href":"https:\/\/www.der-bienenfreund.de\/wordpress\/wp-json\/wp\/v2\/comments?post=1123"}],"version-history":[{"count":4,"href":"https:\/\/www.der-bienenfreund.de\/wordpress\/wp-json\/wp\/v2\/pages\/1123\/revisions"}],"predecessor-version":[{"id":1197,"href":"https:\/\/www.der-bienenfreund.de\/wordpress\/wp-json\/wp\/v2\/pages\/1123\/revisions\/1197"}],"wp:featuredmedia":[{"embeddable":true,"href":"https:\/\/www.der-bienenfreund.de\/wordpress\/wp-json\/wp\/v2\/media\/59"}],"wp:attachment":[{"href":"https:\/\/www.der-bienenfreund.de\/wordpress\/wp-json\/wp\/v2\/media?parent=1123"}],"curies":[{"name":"wp","href":"https:\/\/api.w.org\/{rel}","templated":true}]}}