{"id":1088,"date":"2020-05-18T10:45:46","date_gmt":"2020-05-18T09:45:46","guid":{"rendered":"https:\/\/www.der-bienenfreund.de\/?page_id=1088"},"modified":"2026-02-24T12:06:44","modified_gmt":"2026-02-24T11:06:44","slug":"rezensionen","status":"publish","type":"page","link":"https:\/\/www.der-bienenfreund.de\/wordpress\/rezensionen\/","title":{"rendered":"Rezensionen"},"content":{"rendered":"<p><strong>Rezensionen &#8211; Buchbesprechungen<\/strong><\/p>\n<p>Bei Gelegenheit schreibe und ver\u00f6ffentliche ich Rezensionen zu B\u00fcchern die ich gut, lesens- und empfehlenswert finde &#8211; in der Folge eine Auswahl:<a href=\"https:\/\/www.der-bienenfreund.de\/wordpress\/wp-content\/uploads\/2019\/02\/FriedmannBienengem\u00e4\u00dfImkern-Letzeburg-BZ_Dez-2016-e1-1.pdf\"><\/a><\/p>\n<p><a href=\"https:\/\/www.der-bienenfreund.de\/wordpress\/wp-content\/uploads\/2020\/05\/WeilerM2020-RezTautzHonigbienenWaldbewohner-LuxBZ_MAI_2020-S169f.pdf\" target=\"_blank\" rel=\"noopener noreferrer\">WeilerM2020-RezTautzHonigbienenWaldbewohner-LuxBZ_MAI_2020-S169f<\/a><br \/>\nIngo Arndt &amp; J\u00fcrgen Tautz: \u201e<a href=\"https:\/\/www.knesebeck-verlag.de\/honigbienen_geheimnisvolle_waldbewohner\/t-34\/1359\" target=\"_blank\" rel=\"noopener noreferrer\">Honigbienen \u2013 Geheimnisvolle Waldbewohner<\/a>\u201c<br \/>\nKnesebeck, 192 Seiten, Hardcover<br \/>\nISBN-13: 978-3957283627, \u20ac 38,-<\/p>\n<p><a href=\"https:\/\/www.der-bienenfreund.de\/wordpress\/wp-content\/uploads\/2019\/02\/WeilerM2019-RezOhlStachelundStaat-LuxBZ-201901-S34f.pdf\" target=\"_blank\" rel=\"noopener noreferrer\">WeilerM, 2019, Rezension Ohl, LuxBZ-2019-01, S. 34f<\/a><br \/>\nMichael Ohl &#8222;<a href=\"https:\/\/www.droemer-knaur.de\/buch\/michael-ohl-stachel-und-staat-9783426277492\" target=\"_blank\" rel=\"noopener noreferrer\">Stachel und Staat<\/a>&#8220; &#8211; Eine leidenschaftliche Naturgeschichte von Bienen, Wespen und Ameisen<strong><br \/>\n<\/strong>Droemer Knaur Verlag, M\u00fcnchen, Gebunden, 368 Seiten<br \/>\nISBN 978-3-426-27749-2, \u20ac 39,99<\/p>\n<p><a href=\"https:\/\/www.der-bienenfreund.de\/wordpress\/wp-content\/uploads\/2019\/01\/RezensionLachauer-LuxBZ201811.pdf\" target=\"_blank\" rel=\"noopener noreferrer\">WeilerM, 2018, Rezension Lachauer, LuxBZ-2018-11, S. 411<\/a><br \/>\nUlla Lachauer \u201e<a href=\"https:\/\/www.rowohlt.de\/buch\/ulla-lachauer-von-bienen-und-menschen-9783499632433\" target=\"_blank\" rel=\"noopener noreferrer\">Von Bienen und Menschen<\/a> \u2013 Eine Reise durch Europa\u201c<br \/>\n384 Seiten, Hardcover. Rowohlt Verlag Hamburg 2018. Preis: \u20ac 22,-<br \/>\nISBN 978-3-4980-3926-4<\/p>\n<p><a href=\"https:\/\/www.der-bienenfreund.de\/wordpress\/wp-content\/uploads\/2019\/02\/WeilerM2016-RezFriedmannBienengem\u00e4\u00dfImkern-LuxBZ-201612-S400f.pdf\" target=\"_blank\" rel=\"noopener noreferrer\">WeilerM, 2016, Rezension Friedmann, LuxBZ-2016-12, S. 400f.<\/a><br \/>\n&#8222;<a href=\"https:\/\/www.blv.de\/natur-tiere\/huehner-bienen\/2273\/bienengemaess-imkern?number=9783835415447\" target=\"_blank\" rel=\"noopener noreferrer\">Bienengem\u00e4\u00df imkern<\/a>&#8220; &#8211; Das Praxis-Handbuch von <a href=\"http:\/\/imkerei-friedmann.de\/\" target=\"_blank\" rel=\"noopener noreferrer\">G\u00fcnter Friedmann<\/a><br \/>\n<span class=\"product--pages\" itemprop=\"name\">176 Seiten, 160 Farbfotos, 15 Zeichnungen<\/span>, blv-Verlag, M\u00fcnchen, im September 2016<br \/>\nISBN <span class=\"entry--content\"> 978-3-8354-1544-7, Preis: \u20ac 24,99<\/span><\/p>\n<p><a href=\"https:\/\/www.der-bienenfreund.de\/wordpress\/wp-content\/uploads\/2018\/12\/90JahreSteinerArbeitervortr\u00e4geBienen-LE6-13-49.pdf\" target=\"_blank\" rel=\"noopener noreferrer\">WeilerM, 2013, 95 Jahre Steiner Arbeitervortr\u00e4ge Bienen, LebErde-2013-6, S. 49<\/a><br \/>\n&#8222;\u00dcber das Wesen der Bienen&#8220; &#8211; Im November und Dezember 1923 hielt Rudolf Steiner vor den Arbeitern am Bau des Goetheanum in Dornach\/Schweiz 8 Vortr\u00e4ge &#8222;\u00dcber das Wesen der Bienen&#8220; &#8211; Mein Bericht \u00fcber die Bedeutung dieser Vortr\u00e4ge wurde zuerst ver\u00f6ffentlicht in der <a href=\"http:\/\/lebendigeerde.de\/\" target=\"_blank\" rel=\"noopener noreferrer\">Zeitschrift <span> <\/span>&#8222;Lebendige Erde&#8220;<\/a>, Ausgabe 06-2013<\/p>\n","protected":false},"excerpt":{"rendered":"<p>Rezensionen &#8211; Buchbesprechungen Bei Gelegenheit schreibe und ver\u00f6ffentliche ich Rezensionen zu B\u00fcchern die ich gut, lesens- und empfehlenswert finde &#8211; in der Folge eine Auswahl: WeilerM2020-RezTautzHonigbienenWaldbewohner-LuxBZ_MAI_2020-S169f Ingo Arndt &amp; J\u00fcrgen Tautz: \u201eHonigbienen \u2013 Geheimnisvolle Waldbewohner\u201c Knesebeck, 192 Seiten, Hardcover ISBN-13: 978-3957283627, \u20ac 38,- WeilerM, 2019, Rezension Ohl, LuxBZ-2019-01, S. 34f [&hellip;]<\/p>\n","protected":false},"author":2,"featured_media":0,"parent":0,"menu_order":0,"comment_status":"closed","ping_status":"closed","template":"","meta":{"footnotes":""},"class_list":["post-1088","page","type-page","status-publish","hentry"],"_links":{"self":[{"href":"https:\/\/www.der-bienenfreund.de\/wordpress\/wp-json\/wp\/v2\/pages\/1088","targetHints":{"allow":["GET"]}}],"collection":[{"href":"https:\/\/www.der-bienenfreund.de\/wordpress\/wp-json\/wp\/v2\/pages"}],"about":[{"href":"https:\/\/www.der-bienenfreund.de\/wordpress\/wp-json\/wp\/v2\/types\/page"}],"author":[{"embeddable":true,"href":"https:\/\/www.der-bienenfreund.de\/wordpress\/wp-json\/wp\/v2\/users\/2"}],"replies":[{"embeddable":true,"href":"https:\/\/www.der-bienenfreund.de\/wordpress\/wp-json\/wp\/v2\/comments?post=1088"}],"version-history":[{"count":8,"href":"https:\/\/www.der-bienenfreund.de\/wordpress\/wp-json\/wp\/v2\/pages\/1088\/revisions"}],"predecessor-version":[{"id":1749,"href":"https:\/\/www.der-bienenfreund.de\/wordpress\/wp-json\/wp\/v2\/pages\/1088\/revisions\/1749"}],"wp:attachment":[{"href":"https:\/\/www.der-bienenfreund.de\/wordpress\/wp-json\/wp\/v2\/media?parent=1088"}],"curies":[{"name":"wp","href":"https:\/\/api.w.org\/{rel}","templated":true}]}}